o + 1. Give l(-6).
-5
Let q(u) = -20*u - 10. What is q(-1)?
10
Let m(t) = -2*t**3 + 2*t - 2. What is m(1)?
-2
Let t(o) = -5*o**2 + 4*o. Calculate t(-3).
-57
Let l(b) = b**3 - 18*b**2 + 2*b - 43. Calculate l(18).
-7
Let k(c) = 7*c - 447. Give k(66).
15
Let i(k) = -2*k**3 + 2*k**2 + 5*k - 2. Give i(3).
-23
Let d(s) = s**3 + 16*s**2 - 7*s + 33. What is d(-17)?
-137
Let s(z) = z**3 - 22*z**2 - 22*z - 31. Give s(23).
-8
Let y(w) = -w**3 + 3*w**2 + 53*w - 212. Calculate y(6).
-2
Let f(s) = -s**3 - 10*s**2 - 11*s - 79. What is f(-10)?
31
Let c(z) = -z**3 + 33*z**2 - z + 36. Give c(33).
3
Let o(l) = l**2 + 31*l + 173. Give o(-24).
5
Let v(a) = -a + 9. Determine v(-4).
13
Let p(m) = -m**3 + 3*m**2 + 3*m - 4. What is p(2)?
6
Let z(n) = 62*n**3 - n. Give z(1).
61
Let v(s) = -2*s + 29. What is v(-9)?
47
Let r(f) = f**3 - 6*f**2 + 6*f - 4. Determine r(5).
1
Let n(y) = -2*y**2 - 7*y - 3. Calculate n(-5).
-18
Let o(u) = 49*u**2 - 194*u - 2. Calculate o(4).
6
Let f(k) = k**2 + 2*k - 2. Calculate f(-3).
1
Let b(s) = -s**2 - 4*s + 7. Give b(6).
-53
Let z(i) = i**2 - 4*i - 9. What is z(8)?
23
Let l(d) = 2*d + 24. Give l(-5).
14
Let r(m) = -2*m**2 + 39*m - 47. Determine r(18).
7
Let z(a) = a - 28. Calculate z(-4).
-32
Let g(l) = l**2 + 15*l - 12. Give g(-16).
4
Let o(r) = r**2 - 19*r - 19. What is o(19)?
-19
Let w(o) = 16*o - 1. Give w(-1).
-17
Let w(b) = b**3 + 6*b**2 + 7*b - 17. Give w(-6).
-59
Let o(p) = p**2 - 18*p + 15. Give o(17).
-2
Let w(t) = t**3 - 8. Calculate w(0).
-8
Let v(n) = 9*n + 11. Determine v(-1).
2
Let o(m) = -m**2 - 5*m + 77. Give o(6).
11
Let j(r) = 2*r**2 + 12*r - 10. What is j(-6)?
-10
Let f(o) = o**3 - 10*o**2 - 12*o - 15. What is f(11)?
-26
Let i(b) = b. What is i(2)?
2
Let t(o) = o**2 - 9*o + 10. Determine t(6).
-8
Let n(m) = -29*m - 558. Calculate n(-19).
-7
Let t(g) = -g**2 + 6. Determine t(0).
6
Let a(y) = y**2 + 8*y + 15. Give a(-6).
3
Let p(l) = -l**3 - 9*l**2 - 2*l - 15. What is p(-9)?
3
Let r(m) = -m**2 - 3*m + 5. Calculate r(3).
-13
Let k(v) = 7*v - 29. Calculate k(8).
27
Let n(a) = 4*a**2 - 11. Determine n(-4).
53
Let q(o) = -28*o + 67. Determine q(3).
-17
Let c(f) = -f**3 - 9*f**2 - 11*f - 2. Determine c(-8).
22
Let u(q) = q**2 - q - 6. What is u(5)?
14
Let u(j) = -j + 4. Calculate u(-10).
14
Let a(p) = 5*p - 63. Calculate a(12).
-3
Let p(o) = 7*o + 171. Calculate p(-23).
10
Let x(g) = -g**2 - 7. Calculate x(0).
-7
Let h(s) = -s**3 + 7*s**2 + 2*s - 7. Calculate h(7).
7
Let y(h) = 2*h - 24. Determine y(5).
-14
Let r(s) = -s**3 - 4*s**2 - 4*s - 1. Calculate r(-3).
2
Let r(a) = -2*a**2 - 8*a - 5. Give r(-5).
-15
Let q(p) = p**3 - 7*p - 5. Calculate q(-2).
1
Let m(w) = w + 5. Determine m(-5).
0
Let h(n) = 2*n**2 - 2*n + 3. Calculate h(3).
15
Let q(m) = m**3 - 13*m**2 - 14*m + 14. What is q(14)?
14
Let k(p) = 2*p - 37. Determine k(19).
1
Let o(a) = a**3 + 3*a**2 + 2. Give o(-4).
-14
Let g(o) = -o**3 + 7*o**2 + 7*o - 1. Calculate g(8).
-9
Let d(f) = -2*f**2 + 15*f + 3. Give d(7).
10
Let j(d) = -6*d**2 + 3*d + 2. Give j(4).
-82
Let n(g) = -122*g + 241. What is n(2)?
-3
Let g(n) = -6*n**2 - 43*n + 2. What is g(-7)?
9
Let p(i) = -2*i**2 + 17*i + 46. Give p(11).
-9
Let y(p) = p**2 - 17*p + 40. What is y(12)?
-20
Let i(a) = -a**2 - 13*a + 3. Give i(-6).
45
Let n(j) = -j**3 + 5*j**2 + 2*j + 1. Give n(4).
25
Let h(s) = -s**3 + 8*s**2 + 13*s - 12. Give h(9).
24
Let g(x) = x**3 - 19*x**2 - 17*x - 60. Calculate g(20).
0
Let i(u) = -u**2 + 2*u - 3. What is i(-8)?
-83
Let u(r) = r**3 + 5*r**2 - r + 25. What is u(-6)?
-5
Let o(h) = 22*h + 95. What is o(-4)?
7
Let k(b) = -b**3 - 5*b**2 + 5*b - 9. Calculate k(-5).
-34
Let g(q) = q**2 + 2*q + 7. Calculate g(0).
7
Let p(q) = -q**3 + 18*q**2 - 3*q - 5. Determine p(18).
-59
Let t(h) = h**3 + 4*h**2 - 6*h - 4. Determine t(-3).
23
Let a(h) = -h**3 + 4*h**2 + 8*h - 39. Calculate a(4).
-7
Let h(c) = -c - 22. Give h(-12).
-10
Let w(t) = t**2 - 6*t + 4. Determine w(6).
4
Let u(v) = -v - 16. Determine u(-12).
-4
Let u(p) = p**2 + 3*p + 37. Calculate u(0).
37
Let v(q) = 11*q - 5. Give v(5).
50
Let s(n) = 2*n**3 - 11*n**2 - 14*n + 49. What is s(6)?
1
Let i(r) = 52*r - 8. What is i(1)?
44
Let c(r) = r**3 - 29*r**2 + 49*r + 135. Calculate c(27).
0
Let t(j) = -2*j**3 + 38*j**2 - 3*j + 45. Determine t(19).
-12
Let f(m) = -m**2 + 19*m - 79. Calculate f(13).
-1
Let r(w) = w**3 + 24*w**2 + 22*w - 30. Calculate r(-23).
-7
Let t(f) = f - 44. Give t(16).
-28
Let h(c) = c**3 - 5*c**2 + 4*c + 2. Give h(4).
2
Let k(s) = -s**2 - 6*s + 5. Calculate k(-8).
-11
Let i(r) = -r**2 - r + 6. Give i(-3).
0
Let r(j) = 2*j**3 + 4*j**2 + 4*j + 1. Determine r(-2).
-7
Let w(k) = k**3 + 16*k**2 - 13*k + 76. Give w(-17).
8
Let u(g) = g**3 + 12*g**2 + 4*g + 40. Calculate u(-12).
-8
Let k(j) = j**3 + 2*j**2 + 2*j + 3. What is k(-2)?
-1
Let w(t) = 2*t - 3. Calculate w(6).
9
Let i(y) = 2*y + 5. Determine i(-11).
-17
Let q(s) = -5*s - 15. Give q(-2).
-5
Let c(g) = 2*g**2 - 4. What is c(4)?
28
Let z(g) = -10*g + 40. Give z(-3).
70
Let v(q) = q**2 + 5*q + 7. What is v(-6)?
13
Let d(c) = -c**2 + 39*c + 4. Determine d(39).
4
Let y(z) = 2*z**3 + 37*z**2 - 13*z + 119. Calculate y(-19).
5
Let k(p) = -p**2 - 11*p + 19. What is k(-8)?
43
Let u(n) = -4*n - 6. Calculate u(1).
-10
Let z(d) = 25*d**3 + 4*d**2 + 8*d + 9. What is z(-1)?
-20
Let u(n) = -n**2 - n + 12. Determine u(-5).
-8
Let r(d) = d**2 - 2*d. Determine r(4).
8
Let i(t) = 6*t - 110. What is i(19)?
4
Let c(s) = s**2 + 4*s + 4. Determine c(-4).
4
Let n(p) = -6*p + 4. Give n(7).
-38
Let y(k) = -13*k + 42. Calculate y(3).
3
Let f(x) = -12*x + 88. What is f(8)?
-8
Let f(z) = -z**3 - 13*z**2 - 7*z + 25. What is f(-12)?
-35
Let y(c) = -c**2 - 8*c - 8. What is y(-5)?
7
Let m(d) = -d**2 - 12*d + 9. Give m(-12).
9
Let w(r) = r**2 + 5*r + 7. Determine w(-5).
7
Let s(t) = -t**3 + 10*t**2 + 7*t - 8. Determine s(11).
-52
Let r(v) = 21*v**2 + v - 1. Calculate r(1).
21
Let k(o) = -o - 140. Give k(0).
-140
Let g(q) = 7*q + 6. Give g(5).
41
Let i(k) = 13*k**3 - 2*k**2 + 2*k - 1. What is i(1)?
12
Let x(h) = -h**2 - 15*h - 13. Calculate x(-9).
41
Let h(z) = z**3 + 3*z**2 - 6*z - 4. Calculate h(-5).
-24
Let a(q) = q**3 - 8*q**2 - 19*q - 10. Give a(10).
0
Let b(v) = v**3 - 8*v**2 + 3*v - 3. What is b(5)?
-63
Let x(n) = -2*n**2 + 3. Calculate x(3).
-15
Let p(r) = -2*r**3 - 41*r**2 - 56*r + 24. What is p(-19)?
5
Let m(w) = 3*w**2 + 8*w - 5. Calculate m(-3).
-2
Let c(p) = -10*p + 51. Give c(14).
-89
Let b(y) = -y + 5. Give b(-4).
9
Let s(k) = k - 3. Give s(-10).
-13
Let a(o) = -o + 30. What is a(8)?
22
Let z(q) = -q**2 - 32*q - 51. Calculate z(-30).
9
Let u(c) = 11*c**2 - c + 1. Give u(1).
11
Let f(g) = -g**2 - 2*g + 17. Calculate f(-6).
-7
Let u(b) = -b + 9. What is u(2)?
7
Let f(l) = -28*l**2 + l - 2. Determine f(1).
-29
Let p(d) = -4*d - 8. What is p(-10)?
32
Let z(r) = r**3 - 7*r**2 + 7*r - 2. Give z(6).
4
Let y(h) = -4*h**2 - 3*h - 1. Give y(-2).
-11
Let j(u) = 8*u - 14. What is j(-6)?
-62
Let q(c) = -3*c**3 + c**2 + 4*c + 3. Calculate q(-1).
3
Let r(h) = -3*h - 69. Calculate r(-8).
-45
Let u(f) = -f**2 + f + 8. Give u(5).
-12
Let g(t) = t**3 + 2*t**2 + t + 2. Calculate g(-3).
-10
Let j(b) = -6*b**2 + 6*b + 31. Give j(-3).
-41
Let d(q) = -15*q - 44. Calculate d(-5).
31
Let w(v) = -v**3 - 7*v**2 - 4*v + 4. Determine w(-5).
-26
Let s(r) = -r**3 - r**2 - 3*r - 7. What is s(-3)?
20
Let i(p) = -p**2 + 9*p + 7. Give i(9).
7
Let g(y) = 2*y - 31. Give g(4).
-23
Let s(h) = -7*h - 5. Give s(-12).
79
Let f(g) = g**3 + 2*g**2 - 7*g + 33. Give f(0).
33
Let o(u) = -u**3 - 9*u**2 - 8*u - 8. Give o(-8).
-8
Let s(f) = f**3 - f**2 + 8*f - 23. Determine s(2).
-3
Let f(z) = 9*z + 75. Give f(-11).
-24
Let l(i) = -i**3 - 11*i**2 - 17*i + 9. Calculate l(-9).
0
Let q(d) = -d**3 + 5*d**2 + 5*d - 8. What is q(6)?
-14
Let z(y) = y**3 - 5*y**2 + 2*y - 12. Give z(5).
-2
Let o(j) = -8*j**2 + 3*j - 8. Determine o(2).
-34
Let w(l) = -l**3 + 11*l**2 + 12*l + 1. What is w(12)?
1
Let k(y) = -y**3 - 7*y**2 - 12*y - 8. Determine k(-5).
2
Let o(d) = -d**2 + 37*d - 327. Determine o(16).
9
Let v(o) = -o**3 + 2*o + 2. Calculate v(-1).
1
Let o(u) = -2*u**2 - 23*u - 59. Determine o(-8).
-3
Let y(k) = 7*k**2 - 274*k + 50. What is y(39)?
11
Let o(g) = -2*g**2 + 8*g + 4. Calculate o(7).
-38
Let c(h) = -3*h - 39. Determine c(-5).
-24
Let b(p) = -2*p**2 -